 -6 = -4*q - 3*x + x, 0 = -5*q + 5*x + 15. Let p(s) = -2*s**3 + 3*s**2 - 3*s + 3. Let c be p(q). Let z = c - -12. List the prime factors of z.
5
Let j be ((-2)/6)/((-3)/18). Suppose 2*z - q = 7, -5*z - 5*q = -j + 7. Let m = z + 2. List the prime factors of m.
2
Suppose 13 + 87 = 4*d. What are the prime factors of d?
5
Let g(x) = x**3 - 4*x**2 + 5*x - 10. List the prime factors of g(5).
2, 5
Suppose -10 = 5*q + 30. Let t be (-26)/q + 2/(-8). Suppose 3*g + 4*l + 25 = 6*g, 3*g + 3 = -t*l. What are the prime factors of g?
3
Let x be ((-3)/1)/(-3) - 23. Let o = x - -35. What are the prime factors of o?
13
Let m = 8 - 6. Suppose m*f - 36 = -0*f. What are the prime factors of f?
2, 3
Suppose m + 5 = 12. What are the prime factors of m?
7
Let n = -2 + 3. Let m = n - -3. Suppose w - m*v = -3*w + 16, 4 = -2*v. What are the prime factors of w?
2
Suppose 45 + 91 = -4*q. Let k = q + -40. What are the prime factors of k/(-14) - 4/14?
5
Let j(n) = -n**3 - 4*n**2 + 4*n + 7. Let x be j(-5). Let y be 2/x + 35/6. Suppose 18 = 2*i - 3*l + y*l, 2*i - 2*l - 8 = 0. What are the prime factors of i?
2, 3
Suppose 2*h - 259 = 5*f, -3*h = -8*h + f + 659. What are the prime factors of h?
2, 3, 11
Let v(l) = -l**3 - 5*l**2 + 5*l + 1. Let c = -22 + 32. Let z be 4/20 - 62/c. What are the prime factors of v(z)?
7
Let y = -29 + 118. Let c = y - 55. List the prime factors of c.
2, 17
Let d = -153 - -291. What are the prime factors of d?
2, 3, 23
Suppose 0 = -2*a + 2*f + 78, 4*a - f - 38 - 112 = 0. What are the prime factors of a?
37
What are the prime factors of (-114 + 0)/(2 + -4)?
3, 19
Suppose 2*l = 2*g + 20, -l - g = -6 - 2. Let c = l - 0. Let s = c + -5. What are the prime factors of s?
2
Let i = -76 + 181. Suppose -5*t - 2*j + i = -7*j, 0 = -j - 3. What are the prime factors of t?
2, 3
Suppose -220 = -y + 8*h - 3*h, 2*h = -2*y + 392. What are the prime factors of y?
2, 5
Let x be 6/4 - 5/10. What are the prime factors of x/(2/30 - 0)?
3, 5
Suppose 0 = 3*k + 5 + 4. Let s(x) = -x**3 - 3*x**2 - x - 1. Let b be s(k). Suppose 3*c - b*c = -m + 10, 4*c = -2*m + 30. What are the prime factors of c?
5
List the prime factors of 141/3 + (-1 - -1).
47
Suppose 0 = 15*o - 19*o + 200. What are the prime factors of o?
2, 5
Suppose 4*w - j - 167 = -4*j, -2*w - 2*j = -86. List the prime factors of w.
2, 19
Suppose -5*u = 0, 0 = h - 2*u - 0*u - 69. Suppose h = 5*w + d - 33, -3*d = -6. List the prime factors of w.
2, 5
Suppose 2*w + 6 = 4*w. Suppose 2*m + 4*l = -24, -8*l = m - w*l + 27. Let o = m - -4. List the prime factors of o.
2
Let r = 16 - 9. Let u = 5 + -12. Let k = r - u. What are the prime factors of k?
2, 7
Let a(q) = q**3 + 5*q**2 - 5*q. Let v be a(-6). What are the prime factors of 4 - (v - -2 - 41)?
7
Let x = -3 + 6. Suppose x*s - 3*g + 2*g = 96, -2*g = -6. Suppose -43 - s = -4*q. List the prime factors of q.
19
Suppose -k - 7 + 8 = 0. Let n(w) = 14*w. List the prime factors of n(k).
2, 7
Suppose -5*v + 10*v = 185. What are the prime factors of v?
37
Suppose 0 = -h - 3*h. Let v = 2 - 0. Suppose h = -q - 0 + v. List the prime factors of q.
2
Let f(u) = u**2 + 4*u - 27. List the prime factors of f(-8).
5
Let m = 23 - 4. List the prime factors of m.
19
Let i(q) = 2*q + 3. Let t be i(3). Suppose -t = -3*l + 6. List the prime factors of l.
5
Let u(j) = j**2 - 13*j + 18. List the prime factors of u(13).
2, 3
Suppose 0*i + 3*d + 3 = i, 5*d = -4*i + 46. Suppose i = -n + 3. What are the prime factors of ((-4)/n)/(4/30)?
5
Let v(k) = 399*k**2 - k. List the prime factors of v(-1).
2, 5
Let p = -68 + 40. Let g = -12 - p. What are the prime factors of g?
2
Let i(p) = p**2 - 8*p + 7. Let w be i(9). Suppose 5*a = -20, -3*a + w = 4*v + 2*a. What are the prime factors of v?
3
Let i be ((-16)/2)/(2/(-4)). Suppose 0 = -0*k - 2*k. Suppose i = -k*x + 2*x. List the prime factors of x.
2
What are the prime factors of 38 - (3 + -3 + -1)?
3, 13
Let r = -17 - -41. What are the prime factors of r/(-40) - (-186)/10?
2, 3
What are the prime factors of -3 + 64 + 10/5?
3, 7
Let t(d) = d**2 + 11*d - 7. Suppose 0*j = -4*j + 172. Suppose 0*l = -3*l + n - 31, 0 = -4*l + n - j. List the prime factors of t(l).
5
Suppose 3*j - 34 = 4*y + 35, -y - 6 = 3*j. Suppose 4*l - 5*z + 84 = 0, -45 = 3*l - 5*z + 13. Let o = y - l. What are the prime factors of o?
11
Suppose -8*m - 27 = -939. List the prime factors of m.
2, 3, 19
Suppose -47 = 5*p - 307. Suppose 3*q + 24 = 3*t - 0*t, -4*q = 3*t - p. List the prime factors of t.
2, 3
Let p = 5 + -6. List the prime factors of -6 + 8 + (9 - p).
2, 3
Let g(m) = m**2 + 5*m - 1. Let l be g(-5). What are the prime factors of l + (3 - 3) - -24?
23
Suppose -627 = -8*i + 445. What are the prime factors of i?
2, 67
Let f = -2 + 12. Let x(z) = -z**2 + 13*z - 12. What are the prime factors of x(f)?
2, 3
Suppose 3*b + 2*z = 8, -4*z + 16 = -11*b + 6*b. Suppose -p - 4*p + 20 = b. List the prime factors of p.
2
Let n = 20 - 34. Let f = 34 + n. What are the prime factors of f?
2, 5
Let y be 4*1/((-12)/9). Let v = y - -7. Suppose 4*d = 5*b - 0*d - 31, 3*d = -v*b + 31. What are the prime factors of b?
7
Let g = 21 - 56. List the prime factors of (-267)/(-21) + (-10)/g.
13
Suppose 0 = 4*j + 1 + 27. Let y(u) = -u**2 - 7*u + 3. What are the prime factors of y(j)?
3
Let v(a) = -a**2 - 4*a + 6. Let h be v(-5). List the prime factors of 13 + (-2)/h + 3.
2, 7
Let q(r) = -r**2 - 11*r - 8. Suppose 3*h + 6 = -3*g, -40 = 5*g - 2*h + 5. List the prime factors of q(g).
2, 5
Let j(x) = x**3 + 4*x**2 + x + 4. Let r be j(-4). Suppose r = -o - 0*o + 1. What are the prime factors of 3 + -1 - o - -3?
2
Let q(n) = -n + 5. Let d be ((-12)/10)/((-4)/10). Let f be q(d). List the prime factors of 2/4 + 5/f.
3
Let n(w) = 2*w**2 - 7*w + 6. Let c(l) be the third derivative of -l**6/120 - l**4/24 + 2*l**3/3 - 2*l**2. Let o be c(0). List the prime factors of n(o).
2, 5
Suppose 3*x - 617 = 34. What are the prime factors of x?
7, 31
Let n = -44 + 142. What are the prime factors of n?
2, 7
Suppose 11*t + 7*t = 1224. What are the prime factors of t?
2, 17
Let k(i) = i**2 - 3*i - 1. Let x be k(6). Suppose -s + x = -77. Suppose -4*p = -s + 14. What are the prime factors of p?
2, 5
List the prime factors of 11 - (-8 + (-16)/(-4)).
3, 5
Suppose -5*z + 16 - 56 = 0. Let a = 31 + -12. Let t = a + z. List the prime factors of t.
11
Suppose 0*c + 9 = -c. Let t = 12 + c. List the prime factors of t.
3
Let q = 13 + -19. Let t = q - -12. List the prime factors of t.
2, 3
Let m = 22 + 71. What are the prime factors of m?
3, 31
Suppose -4*f + 4*m + 8 = 0, 5*f = -5*m + 2*m + 18. Suppose t - f = -0. List the prime factors of t.
3
Let w(y) be the second derivative of -y**3/3 + 2*y**2 + 3*y. What are the prime factors of w(-3)?
2, 5
Let u(i) = -5*i**3 - 2*i**2 + 1. Let k be u(-1). What are the prime factors of k - -2*(-2)/(-4)?
5
What are the prime factors of (5/(45/6))/((-4)/(-582))?
97
Suppose -1 = -i - 2. List the prime factors of 0 - -1 - 8/i.
3
Let j(n) = 0*n + n + 3 + 5. Let b(w) = 4*w + 23. Let q(o) = -3*b(o) + 8*j(o). List the prime factors of q(-4).
11
List the prime factors of (-6)/30 + 71/5.
2, 7
Suppose -4*s = -4*n + 16, 2*s = -n + s. Suppose 2*k = o + 48, -4*o = n*k + o - 72. List the prime factors of k.
2, 13
Suppose -5*m = -0*p - 3*p - 445, -91 = -m + p. What are the prime factors of m?
2, 43
Let v be -2 - (-4 - -1) - 2. List the prime factors of (-4 + 3)*8*v.
2
Suppose 0 = s + 3*s - 168. What are the prime factors of 7/(s/(-8))*-3?
2
Let r(i) = i**3 - 6*i**2 - 4*i - 8. Let q be r(7). Let u(o) = o + 1. List the prime factors of u(q).
2, 7
Let o = 149 - -73. What are the prime factors of o?
2, 3, 37
Suppose 2*r + 4*p - 10 = 4, -p + 21 = 4*r. Suppose 6 = r*j - 9. List the prime factors of j.
3
Suppose 3*j - 21 = -2*y - 0, j - y = 2. Let w = 15 - j. Suppose -2*k - 2*i + 0*i + w = 0, -1 = k - 2*i. List the prime factors of k.
3
List the prime factors of (-277 - 25)*(-1)/2.
151
Let n be (-15)/2*(-444)/(-18). What are the prime factors of n/(-15) + (-2)/6?
2, 3
Let r(y) = -y**3 - 2*y**2 - 4. Let c be (2 + -3 + -2)/1. Let f be r(c). Suppose -f*a + 4 = -2*d - 9, 7 = 2*d - a. What are the prime factors of d?
2, 3
Suppose -10*r - 29 = -609. What are the prime factors of r?
2, 29
What are the prime factors of 114 - (3/(-1) - 1)?
2, 59
Let 